(f). What is p(-1)?
-4
Let c(p) = -2*p**2 - 4*p + p**2 - p - 7. Determine c(-6).
-13
Let t(y) = y**2 - y. Let j(a) = a**2 - a. Let z(s) = -5*j(s) + 4*t(s). Calculate z(0).
0
Let g be (-398)/10 - (-1)/(-5). Let w be 16/g - 12/(-5). Let k(o) = -1 - o**w + 0 - o + 3. What is k(-3)?
-4
Suppose r = 2*r + 6. Let q(i) = 12 - 2*i - 32 + 12 + 11. Give q(r).
15
Let q(g) be the second derivative of -g**4/6 + g**3/3 + g**2/2 + 3*g. Give q(3).
-11
Let q = 23 - 11. Let y = -8 + q. Let r(h) = -h**2 + 5*h - 6. What is r(y)?
-2
Let b(l) = -3*l - 1. Let r be b(-2). Let h(s) = -7*s**2 + 13*s - 8. Let q(v) = 3*v**2 - 6*v + 4. Let a(t) = r*q(t) + 2*h(t). Give a(5).
9
Suppose 3*k = -2*r + 16, 5*k - 3 = 3*r - 8. Let a(h) = h + 4 + 3*h - 2*h + k*h. Calculate a(-3).
-8
Let l be (-12)/(4 - 0) + 24. Let m = -19 + l. Let f(p) = 6*p - 1. Determine f(m).
11
Let l(n) = -n + 1. Let o(f) = 9. Let i(u) = 4*l(u) - o(u). Determine i(-8).
27
Let k(m) = -m**2 + 5*m + 7. Suppose -2*i = i - n - 23, -4*n - 20 = 0. Give k(i).
1
Let f = -2 + 5. Let a be (-1)/f - (-35)/15. Let w(c) = -1 + c**2 - 3*c + c**3 + 3 - 1. Give w(a).
7
Let t = 0 + 0. Let j(c) be the third derivative of 0*c - 1/120*c**6 + 0 + c**3 + 0*c**4 + 0*c**5 - 5*c**2. Calculate j(t).
6
Let u(v) = -1 + v - 2*v - 2. Let x = 0 + 0. Suppose x*m - 20 = -5*m. Determine u(m).
-7
Let g(h) be the third derivative of -1/2*h**3 + 0*h - 1/24*h**4 + 0 - h**2. Suppose 2*y = 2*a, 11 - 2 = a - 4*y. What is g(a)?
0
Let a(c) be the first derivative of -c**4/4 + c + 25. Calculate a(-1).
2
Let c(q) = -q**2 + 5*q + 8. Let j be c(6). Suppose -j*u + 3 = -u. Let n(z) = -z**3 + 2*z**2 + 3. Give n(u).
-6
Let m(f) = f**3 + 3*f**2 - 5*f - 5. Let d(u) = u + 5. Let y be d(-6). Let b be 1 + (2 - 0) - y. Let i be (-6)/(-12) + (-18)/b. Determine m(i).
-1
Let m(r) = r**2 - 5*r + 2. Let l be m(5). Let v(s) = 6*s - 3*s - 2*s. Let j(h) = -4*h + 1. Let p(t) = l*j(t) + 7*v(t). Give p(5).
-3
Suppose -19 - 5 = -2*y. Suppose 0*n + 4*n - y = 0. Let r(i) be the third derivative of i**6/120 - i**5/30 - i**4/24 + i**3/6 - i**2. What is r(n)?
7
Let p(a) = -a**2 - 5*a + 5. Let h be 126/12*(-4)/(-3). Suppose h = -4*v + 2*i, -v - 5*i = 4*v + 55. What is p(v)?
-1
Suppose 0*p - 35 = 5*p. Let w(i) = i**3 - i - 1. Let z(h) = -5*h**3 - 8*h**2 - 2*h + 13. Let t(f) = -4*w(f) - z(f). Calculate t(p).
-2
Let c(g) be the third derivative of 1/24*g**4 + 1/12*g**5 + 0*g + 1/120*g**6 + 0 + g**2 + 2/3*g**3. Let s be -1 + -1 + 3/(-1). What is c(s)?
-1
Let j(v) = v + 3. Let x = 47 - 51. Calculate j(x).
-1
Let u(a) = -a**3 + 5*a**2 + 1. Suppose 7*h - 2*h = 2*x - 1, 29 = 4*x - h. Suppose q - 3*o = -2*o + x, 4*q = 3*o + 29. Give u(q).
1
Let q(w) be the third derivative of w**6/360 - w**5/30 + w**4/6 - w**3/6 - 2*w**2. Let o(r) be the first derivative of q(r). What is o(3)?
1
Let p(f) = -3*f**2 + 2*f - 1. Let s be p(1). Let z be (-1 + -3)*4/(-4). Let q(b) = 0*b**3 + 2*b + 1 + b + 2*b**3 + 0*b**2 + z*b**2. Give q(s).
-5
Let k(f) be the third derivative of -f**8/20160 + f**7/840 - 7*f**6/720 - f**5/60 + f**2. Let t(p) be the third derivative of k(p). Give t(5).
-2
Let z(w) = w**3 - 6*w**2 - 3*w + 5. Let r be (-16)/(-3) + (-18)/(-27). Give z(r).
-13
Let f(x) = -x**2 + 5*x + 1. Suppose j = -4*h - 1 - 10, 0 = 5*j - 4*h - 41. Determine f(j).
1
Suppose -3*s = s - 4. Suppose -5*p + 9 + s = 0. Let c(f) = 3*f**2 - 3*f**2 + p*f + 2 + f**2. Calculate c(-2).
2
Let v(x) be the third derivative of -1/8*x**4 + 1/20*x**5 + 0*x - 1/60*x**6 - 4*x**2 + 0 + 1/3*x**3. Let m(a) = -2*a - 4. Let q be m(-3). What is v(q)?
-8
Let t be (-1)/(-2) + 11/2. Let i(f) = -t - 2 - 4*f - 16*f**2 + 17*f**2. Let m be i(6). Let w(l) = -l**2 + 4*l - 2. Calculate w(m).
-2
Let s(h) = h + 1. Let x(i) = 5*i + 7. Let w(y) = -6*s(y) + x(y). Let r be 2 + -2 - (-2)/2. Determine w(r).
0
Suppose k = -2*j + 2*k + 9, 0 = -j + 5*k + 27. Let u(b) = b**3 + 2*b**j - 2*b**3 + 0*b**3 + 2*b - 3. Give u(2).
1
Let x = -4 + 0. Suppose 24 = 2*w + w. Let n(i) = i + 2. Let z(q) = 3*q + 5. Let a(r) = w*n(r) - 3*z(r). Give a(x).
5
Let n(w) be the second derivative of w**5/20 + w**4/3 - w**3/6 - w**2 + w. Let k(g) = 33*g. Let h be k(-1). Let t be (-3 - h/15)*5. Calculate n(t).
2
Let o(q) = 1 + q - 2 - q**2 - 7. Give o(0).
-8
Let p(q) = -q**2 + 2*q + 1. Let v be p(4). Let l(d) = d**2 + 6*d - 6. Give l(v).
1
Let a(g) = -5*g**3 + 2*g**2 - 1. Let d be (-7)/((-1 - -2)/1). Let v be (-37)/7 + (-2)/d. Let k be v*((-2)/(-10))/(-1). Calculate a(k).
-4
Let c(r) = -r**3 + r**2 + 2*r + 2. Let s be 8 + 2 + -2 + 1. Let d = s + -11. Let j be d/(-2) - (-9)/(-3). Calculate c(j).
10
Suppose 0 = -2*q - 55 - 1. Let g be (-8)/q - 33/(-7). Let j(y) = -y**2 + 2*y. Determine j(g).
-15
Let a(i) be the second derivative of -i**3/6 + 2*i**2 - 4*i. Let s be (-38)/(-12) + 1/(-6). Calculate a(s).
1
Let k(a) = -a**2 - 4*a - 1. Let j(h) = 5 + h**2 - h**3 - h**2 + h**2 + 2*h - 5*h**2. Let f be j(-4). Determine k(f).
2
Let b(s) = s**2 + 3*s - 7. Suppose 0 = 5*z - 2*z - 6. Suppose -2*m + 61 = 5*k - 3, -3*m = z*k - 85. Let u be m/(-6) + 3/(-6). Give b(u).
3
Let d be 1*(-9 - -1 - -3). Let y(k) = 3*k**3 + 3*k**2 + 1. Let i(b) = 7*b**3 + 5*b**2 + 2. Let o(q) = 2*i(q) - 5*y(q). Calculate o(d).
-1
Let o(k) = -k + 11. Let n be o(10). Let v(r) be the first derivative of -1/3*r**3 + 2 + 1/2*r**2 - 7/4*r**4 + 0*r. What is v(n)?
-7
Let q(s) be the third derivative of s**6/120 + 2*s**5/15 + s**4/4 - 3*s**3/2 - 18*s**2. Determine q(-7).
-2
Let d(i) be the second derivative of 4*i + 1/6*i**4 + 1/20*i**5 + 3/2*i**2 + 0*i**3 + 0. Determine d(-3).
-6
Let r(s) = -17*s - 15. Let k(q) = 18*q + 14. Let f(p) = 3*k(p) + 2*r(p). Let i(w) = 4 + 6 + 7*w - 6. Let j(h) = -6*f(h) + 17*i(h). What is j(-3)?
-1
Let w(s) = 4*s. Let r(m) = -9*m. Let k(b) = -3*r(b) - 7*w(b). Let o = 7 - 12. What is k(o)?
5
Let q(d) = -2*d - 7. Let h(p) = -5*p - 20. Let n(f) = -3*h(f) + 8*q(f). What is n(6)?
-2
Let d be 0 - ((0 - 0) + 4). Let n(g) = 2*g. Give n(d).
-8
Let d(f) be the second derivative of f**5/20 - 5*f**4/12 + f**3/3 - f. Calculate d(3).
-12
Let g(k) = -k**3 - k**2 - k + 6. Let z(a) = -a - 5. Let w be z(-5). Calculate g(w).
6
Let z(q) be the third derivative of -q**6/120 - q**5/30 - q**4/24 + q**3/3 + 4*q**2. Calculate z(-2).
4
Let v(i) be the second derivative of -i**5/20 + 5*i**4/12 + i**3/3 - 7*i**2/2 + 4*i. Suppose -u = 5*k - 22, -k - 3*k = -u - 23. Give v(k).
3
Suppose 7 + 28 = 5*o. Let r(i) = -i + 3. Let c be r(o). Let k be (c/(-6))/((-10)/(-45)). Let t(l) = -l + 2. Give t(k).
-1
Let o(x) = -x**2 - 4*x - 2. Let p be (-2)/4*(-1 - -1). Suppose 4*z + p*z + 12 = 0. Determine o(z).
1
Let n(o) = o**2 + 6*o + 9. Let y be n(-4). Let m(u) = -6*u - 1. Calculate m(y).
-7
Let g(v) be the second derivative of -v**4/12 + 4*v**3/3 - 3*v**2/2 + v. Suppose -2*i - i + 21 = 0. Calculate g(i).
4
Let l(y) = y**3 + 0 - 5*y + 0*y**3 - 3 - 6*y**2. Calculate l(7).
11
Let f(k) = -3*k + 2. Let y(b) = -b**2 - 6*b - 4. Let t be y(-6). Let w be 5*-9*t/60. Calculate f(w).
-7
Let j(x) = -x**2 - x. Let p = -1 + 0. Let g be (4 - 5)/(p*1). Let i(t) = -4*t**2 + 2*t - 3. Let o(q) = g*i(q) - 3*j(q). What is o(2)?
3
Let u(n) = -n**3 - 5*n**2 + 5*n + 2. Suppose 2*x - 30 = 7*x. Calculate u(x).
8
Let i(m) = 4 + 13*m**2 - 10*m**2 + 4*m - 4*m**2. Give i(4).
4
Let z be (-4)/(-24) - (-26)/(-12). Let o = 0 - z. Let i(y) = 5*y - y**o + 0 + 0*y**2 + 3 + 5. Calculate i(6).
2
Let w(j) = -j**3 - 2*j**2 - 3*j - 3. Let p be w(-2). Let a(z) be the second derivative of -9*z + 1/4*z**4 - 1/20*z**5 - 2*z**2 + 0 + 0*z**3. What is a(p)?
-4
Let f(z) = -z**3 - 6*z**2 + 7*z + 2. Let h be f(-7). Let d be (-3)/(-1 - 3/6). Let v = h + d. Let b(i) = i**3 - 5*i**2 + 2*i + 1. Determine b(v).
-7
Let t(g) = 10*g - 1. Let c(i) = -i**2 + 6*i - 2. Let p be c(5). Suppose 4*d - p = 1. What is t(d)?
9
Let r(u) = u**2 + 3*u - 3. Let m = -2 + -16. Let t be (1 + 2)*(-12)/m. Calculate r(t).
7
Let h(o) = 2*o + 21. Let c be h(-12). Let u(k) = -k**2 - k + 2. What is u(c)?
-4
Suppose 4*h - w - 5 = 0, -h - 2*w = -0*h - 8. Suppose -h*f + 7*f = -20. Let p(u) be the first derivative of u**4/4 + u**3 - 7*u**2/2 - 5*u - 11. Determine p(f).
7
Suppose 0 = -4*l + 15 + 17. Suppose o = -o + l. Let s(g) = g**3 - 3*g**2 - 2*g - 2. What is s(o)?
6
Suppose -n - 14 = 2*m - 3*n, -5*m = -2*n + 29. Let l be (-2)/7 + 32/14